the tens digit of j(-4)?
1
Let n(t) = -1 - 1 + 0 - 3*t. What is the units digit of n(-2)?
4
Let v(a) = a**3 + 4*a**2 - 4*a + 3. Let i be v(2). What is the tens digit of (-10 - -9) + i + -1?
1
Let a = 1 + -3. Let y be (-2)/(-5) - a/(-5). Suppose 4*s = -y*s + 12. What is the units digit of s?
3
What is the tens digit of ((-8)/12)/(6/(-711))?
7
Let b(f) be the third derivative of f**5/30 + f**4/8 - 2*f**3/3 - 16*f**2. Let t = -12 + 8. What is the tens digit of b(t)?
1
Let g(x) = -x**2 - 4*x + 4. What is the units digit of g(-4)?
4
Suppose -4*j = -5*k - 243, 2*j + 2*k + 120 = 4*j. What is the units digit of j?
7
Let l(d) = 3*d**3 + 8*d**2 + 3*d - 6. Let f(p) = -p**3. Let n(b) = 2*f(b) + l(b). What is the units digit of n(-7)?
2
What is the hundreds digit of 8/(-24) + (-3)/((-18)/656)?
1
Suppose 7*i = 180 - 26. What is the units digit of i?
2
Let q(d) = 4*d**2 + 4. What is the tens digit of q(-3)?
4
Suppose 0 = 4*j - 28 + 8. Suppose 9 = j*f - d - 91, 4*f - 5*d = 80. What is the tens digit of f?
2
Let g(m) = 3*m**2 - 2. What is the units digit of g(3)?
5
Suppose 0 = -2*v + 3*f + 17, -10 - 1 = -5*v - 3*f. Suppose 3*h - 8 = -5*t, 3*h = v*t + t - 2. Let x = t + 0. What is the units digit of x?
1
Suppose -i + 18 = -c, 4*c = 3*c + 5. Let x = i - 38. Let d = 34 + x. What is the units digit of d?
9
Let d = 125 - 70. What is the units digit of d?
5
Let j = -6 + 8. Suppose j*p = 2*g - 20, 0 = -g + 5*p - 0 - 2. Suppose -h + 2*i = -9, -h + 4*i + g = i. What is the units digit of h?
1
Let g(v) = 11*v + 3. What is the units digit of g(4)?
7
Suppose -6*t - 7 = -169. What is the tens digit of t?
2
Suppose b + 14 - 1 = 5*a, -4*a = b - 14. Suppose 0 = i + a*i - 40. What is the units digit of i?
0
Suppose 8*r - 45 = 3*r. Suppose -3*i = -v - r, -i - 4 = -4*v + 4. Suppose -4*f + 21 = v*m, m + f - 10 + 2 = 0. What is the tens digit of m?
1
What is the tens digit of 4/(-4)*-1 - -54?
5
Suppose -o + 0*o = 0. Let x(p) = p + 1. What is the units digit of x(o)?
1
Let t(q) = q**2 + 1. Let m(g) = 3*g**2 - 3*g - 3. Let w(a) = -m(a) + t(a). Let x be w(3). Let d = 8 - x. What is the tens digit of d?
1
Let i = -14 - -10. What is the units digit of (-41)/(-4) - (-1)/i?
0
What is the tens digit of (-33)/(1 + 10/(-4))?
2
Let r = 67 - 48. Let z = 10 - r. Let g = 1 - z. What is the tens digit of g?
1
Let t = 24 - 26. Suppose 0 = q - 3*i - 11, -4*i = -2*q + 7*q + 21. Let n = q - t. What is the units digit of n?
1
Let a(x) = -27*x + 1. Let w be a(-1). What is the units digit of w/(-3)*6/(-4)?
4
Let z(a) = -a**3 - a**2 - 2*a - 3. What is the units digit of z(-3)?
1
Let h be (-5 - -2)/1 + -17. What is the units digit of (3 + h/8)*8?
4
Suppose 0 = -b - i - 0*i + 25, 3*b - 93 = 3*i. What is the units digit of b?
8
Let o(z) = -z**3 - 7*z**2 - 8*z - 19. What is the tens digit of o(-8)?
0
Suppose 4*x = 3*r - 0 - 20, 0 = -r - 3*x - 15. Suppose 4*h - 2*h - 10 = r. What is the units digit of h?
5
Let k = -77 + 153. What is the tens digit of k?
7
Suppose 0*a + 630 = 5*a. Suppose -p = -4*f - 0*p + a, 114 = 4*f + 5*p. What is the tens digit of f?
3
Let o be 139/2 + 1/(-2). Suppose -2*f = -k - o, 2*f - 59 = -2*k + k. Suppose h + 3*h = -4*u + f, -4*u = -5*h + 13. What is the units digit of u?
3
Let q(o) be the first derivative of -15*o**2/2 - 3*o - 2. What is the tens digit of q(-2)?
2
Let x be -1*((-12)/(-4) + -43). Suppose 5*r - 3*r - x = 0. What is the units digit of r?
0
Suppose 0 = 2*k - 4*i - 148, -4*k = -3*i - 0*i - 321. What is the tens digit of k?
8
Let o = -95 + 189. What is the tens digit of o?
9
Let n = 3 - -34. What is the units digit of n?
7
Suppose -5*m + 1 = -h, m = 4*h + 19 + 23. Let j = h + 18. What is the units digit of j?
7
Let j(y) = y**2 + 2*y + 10. What is the tens digit of j(-5)?
2
Let t = -6 - -12. Let k(h) = h**2 - 5*h - 2. What is the units digit of k(t)?
4
Let o = 16 + -30. Let q = o + 20. What is the units digit of q?
6
Suppose -5*y + 2*u = 5*u - 1414, -1118 = -4*y + 2*u. What is the units digit of y?
1
Suppose -4*p = -4*l + 20, p + 18 = 4*l - 11. What is the units digit of l?
8
Let g(h) = -h + 5. Suppose 8 = -2*u + 3*w + 15, 4*w + 20 = 0. Let k be g(u). Suppose 0 = 5*c + 5*j - 20, -2*c + 0 + k = 3*j. What is the units digit of c?
3
Suppose -2*l - 6 = 0, -3*n + 14 = -3*l + 5. Suppose -x + 0*x + 7 = n. What is the units digit of x?
7
Suppose -3*b - 55 = -19. Suppose 3*w + 1 = 5*d, d = -w + 1 - 12. Let o = w - b. What is the units digit of o?
5
Suppose -3*k + 4*x = -8*k + 28, 3*k + 4*x = 12. What is the units digit of k?
8
Let j(r) = -1 + 3 - 3 - 14*r. What is the tens digit of j(-1)?
1
Let m = -2 - -5. Suppose -m*x + 27 + 12 = 0. What is the units digit of x?
3
Let v(f) = -f**3 + 6*f**2 + 2*f. What is the tens digit of v(6)?
1
Suppose 4*t - 5*u = 605, -3*t + 0*u + 450 = -3*u. What is the hundreds digit of t?
1
Let g(k) = -50*k + 4. What is the tens digit of g(-3)?
5
Let n(c) = 5*c**2 + 8 - 10*c**3 + 11*c**3 + c**2 - 6*c. What is the units digit of n(-7)?
1
Let u = -410 - -585. What is the tens digit of u?
7
Suppose 0*i - 5 = -i, 4*w + 777 = -3*i. What is the tens digit of (-16)/56 + w/(-7)?
2
Let j(p) be the first derivative of 7/3*p**3 + 0*p**2 + p - 2. What is the units digit of j(1)?
8
What is the units digit of (-18)/(-12) - 2/(-4)?
2
Let n(i) = 4*i + i**2 - i - 5 - 5*i. What is the units digit of n(4)?
3
Suppose 4*c - 3*j - 23 = 0, -5*c + 0*c - 5*j = -20. Let u(r) be the second derivative of r**4/12 - r**3/2 - 7*r**2/2 + 2*r. What is the units digit of u(c)?
3
Suppose q - 315 = 20. What is the hundreds digit of q?
3
Let v be -3 + 6 + -3 + -3. What is the tens digit of (-24)/(-4) + v + 8?
1
Let j be (-4)/5*(-10)/2. Suppose j*g + 4 = -3*p - 2, 5*g = -15. What is the units digit of p?
2
Suppose 0 = -0*k + 3*k + 15, 2*z + 5*k + 27 = 0. Let c = 3 - z. Suppose -c*x + 14 = -2. What is the units digit of x?
4
Let t(w) = 2 - 4*w**2 + 0*w**2 + 3*w**2 + w**3 - 5*w. What is the units digit of t(4)?
0
Let b(w) = w**3 - 8*w**2 - 4*w - 2. What is the units digit of b(9)?
3
Suppose 3*l - 271 = -2*l + 4*b, -4*l + 192 = 3*b. Suppose -72 = -3*h + 3*r + r, -3*r + l = 3*h. Suppose 15 = 5*o - h. What is the units digit of o?
7
Let g be 1 + 2 - 0/2. Let p(y) = y**2 + 2*y - 1. Let c be p(g). Let w = c + -7. What is the units digit of w?
7
Let u(i) = -i**3 + i**2 + i. Let n(v) = -5*v**3 - v**2 + 4*v + 5. Let s(y) = -n(y) + 6*u(y). What is the units digit of s(7)?
9
Suppose 4*r + 152 = 8*r. What is the tens digit of r?
3
Let s(n) = -2*n - 11. Let q(z) = z + 5. Let k(g) = -13*q(g) - 6*s(g). Let l be k(-1). Suppose v = l*v - 4, -28 = -4*u - 3*v. What is the units digit of u?
4
Let w(f) = f**3 - 8*f**2 - 13*f + 2. Let r be w(10). Suppose s = -s + r. What is the tens digit of s?
3
Let q(h) = h**3 - h**2 - h + 2. Let y be q(0). Suppose 50 = 4*o - 0*o - y*d, -3*o - 2*d = -34. What is the tens digit of o?
1
Let n be 0/(1/(1/(-2))). Suppose k + n*k + 1 = 0. What is the units digit of (1/(-1))/(k/2)?
2
Suppose 2*c + 5*k + 39 = 3, 0 = -3*c - 3*k - 45. Let f = c - -32. Suppose -2*t + f = -5. What is the units digit of t?
2
Let z = -16 + 19. What is the units digit of z + 2 + 0 + 18?
3
Suppose -5*p = -3*p + 6. Let n be (5 - -1)/((-2)/p). Let r = n + -6. What is the units digit of r?
3
Let q(c) = c**3 - 5*c**2 + c + 11. What is the hundreds digit of q(7)?
1
Let i = 92 + -55. What is the units digit of i?
7
Let t(w) = -3*w**2 - 3*w. Let j be t(-2). What is the units digit of 2/j*-6 + 17?
9
Let g(l) = l**2 + 11*l + 12. Let u be g(-8). What is the units digit of 2/6 + (-80)/u?
7
Let x = 4 + -1. Let v = -2 + x. What is the units digit of v?
1
Suppose -5*a = -2*a - 12. Suppose -2*v + 3*n = 5 - 1, 2*v - a*n = -4. Let w(c) = 2*c**2 + 2*c - 2. What is the units digit of w(v)?
2
Suppose -76 = -2*p + g - 13, 5*p = 2*g + 155. Suppose 0 = 5*o - o + r - p, -2*o = 5*r - 1. What is the units digit of o?
8
Let z = -15 + 51. What is the units digit of z?
6
Suppose -n + 5*n + 3*j = 45, 5*n - j - 61 = 0. Suppose n = -y + 4*y. What is the units digit of y?
4
Suppose -5*p + 5 = -15. Let r = p - -9. Let u = r + -7. What is the units digit of u?
6
Let v = 2 + 0. Suppose -v*y - 85 = 5*x, 3*x + 2*y + 51 = -2*y. Let p = x + 26. What is the units digit of p?
9
Let q(g) = g + 6. Let s be q(-10). Suppose 4*y = -3*l - 4, -2*l + 2 = -